remainder when t is divided by b?
4
Let k(i) = 15*i**2 - 3*i - 4. Suppose 0 = -4*s - 4*l + 76, 2*s + 23 = 3*s - 3*l. Let x = 61 - s. What is the remainder when x is divided by k(-1)?
13
Suppose 16*z - 69*z = -8193 + 1197. Calculate the remainder when 815 is divided by z.
23
Let v = -8 - -8. Suppose v = 2*h - 7 - 13. Let c(u) = -u + 22. What is the remainder when h is divided by c(14)?
2
Let l(x) = x**2 + 12*x + 37. Let n be l(-7). Suppose 0 = -3*u - n*c + 117, 4*u + 2*c - 10 = 148. Calculate the remainder when u is divided by 14.
13
Let b = 189 - 277. Calculate the remainder when 955*(b/360 - (-8)/18) is divided by 30.
11
Let j(l) = 80*l**2 + 7*l + 18. Let p be j(-6). Suppose -7*v = 21*v - p. What is the remainder when v is divided by 21?
18
Let r(d) = 7*d**2 - 551*d - 3312. What is the remainder when r(-6) is divided by 32?
22
Let u(r) = 2*r - 113. Suppose -30 = -i - 0*b - 4*b, -i + 3*b + 44 = 0. Calculate the remainder when u(108) is divided by i.
27
Let r = 16055 + -15966. What is the remainder when 1613 is divided by r?
11
Suppose 3*m = -m + 52. Let i = -2835 - -2890. Calculate the remainder when i is divided by m.
3
Suppose 32 = 8*p - 72. Suppose p*a - 42 = 36. What is the remainder when 13 is divided by a?
1
Let o(q) be the second derivative of q**5/20 - q**4/12 - q**3/6 - q**2/2 + 55*q. Let a be (-20)/(-8) - 2/(-4). What is the remainder when 27 is divided by o(a)?
13
Let s = 38 - 23. Let q(n) = -3*n**3 + 3*n**2 + 6*n + 3. Suppose 3*m + 2*f - 3*f + 5 = 0, 3*f = -3. What is the remainder when q(m) is divided by s?
12
Calculate the remainder when 3529 is divided by (55/(-20))/((-5)/20).
9
Suppose 619 = 3*w - 32. Suppose 3*l = 10*u - 5*u + 1686, 2*l = -2*u + 1140. Let p = l + -512. What is the remainder when w is divided by p?
52
Suppose -5*p - 425 = -2*l, -5*l - 40*p + 961 = -38*p. What is the remainder when l is divided by 13?
0
Let f = 81 + 169. Let r = 517 - f. Calculate the remainder when r is divided by 18.
15
Let i be 1044/20 - 1/5. Suppose 3*n = -3*d + 89 + i, -5*d + 235 = -n. Suppose 0 = p - 14 + 2. Calculate the remainder when d is divided by p.
11
Suppose 4*p + 10140 = 16*p + p. What is the remainder when p is divided by 34?
32
Let j(w) = -w - 7. Let y(p) = -p**2 - 38*p - 67. Let o be y(-31). Suppose 6 - o = -8*a. What is the remainder when a is divided by j(-9)?
0
Let k(x) = -5*x**3 - 3*x**2 + x. Let h = 16 - 18. Suppose 4*q - 61 - 251 = 4*u, -5*q + 4*u + 387 = 0. Calculate the remainder when q is divided by k(h).
23
Suppose 4907 + 2921 = 19*h. What is the remainder when h is divided by 19?
13
Let x be 64/30 + (-78)/(-90) + -1. Suppose x*j + 3*j + i = 257, 5*j + 2*i - 254 = 0. What is the remainder when 151 is divided by j?
47
Let a(w) = 66*w + 2448. What is the remainder when a(-23) is divided by 184?
10
Let o = 77 + -78. Let j be (7 + o)/((-75)/7700). Calculate the remainder when 91 is divided by (-2)/3 + j/(-24).
16
Suppose -1 = 3*m - 127. Suppose 0*p - 2*j - m = -5*p, 3*p + 3*j = 21. Calculate the remainder when p is divided by 4.
0
Suppose 4*t = x + 10576, -5*x - 3581 = -t - 956. What is the remainder when t is divided by 14?
13
Suppose 540 = 57*c - 30. Suppose -2*l - 4*d = -62 - 72, -3*d = -l + 62. Calculate the remainder when l is divided by c.
5
Let n = -895 + 956. Calculate the remainder when 114 is divided by n.
53
Let h = 38991 - 38854. Calculate the remainder when 408 is divided by h.
134
Let v(i) = 2*i**3 + 18*i**2 - 9*i + 3. Let m be v(-8). Suppose 7*o - m - 42 = 0. Calculate the remainder when o is divided by 4 + 1/(3/24).
11
What is the remainder when 200 is divided by (-316*(-1)/(-4))/(-1 + 0)?
42
Suppose 4*s - s = 48. Let m(w) = -330*w - 2482. What is the remainder when m(-8) is divided by s?
14
Let i(n) = -n**2 - 10*n - 7. Let o = -65 + 68. Suppose 0 = 3*p - 5*h - 39, -o*p - 5*h + 51 = -p. Calculate the remainder when p is divided by i(-2).
0
Let u be (11 - 1) + (3 - -1). Calculate the remainder when u + 1 - (17 + -21) is divided by ((-10)/(-5))/(-2) - -8.
5
Let c be (-32)/(-18) + -2 - 8/(-36). Suppose 0 = -7*l - 0 - c. Suppose 24*j - 21*j - 465 = l. What is the remainder when j is divided by 40?
35
Let a(u) = -u**2 - 86*u - 290. Calculate the remainder when 17061 is divided by a(-82).
37
Let d(y) = -y**2 + 15*y - 32. Let f be d(15). Let c be (-3)/2*f/12 + -2. Suppose -3*n = c*n - 1770. Calculate the remainder when n is divided by 51.
48
Let k = -40 - -52. Suppose 0 = -11*n - k + 34. What is the remainder when n is divided by 2?
0
Let l = -1227 - -1292. Calculate the remainder when 299 is divided by l.
39
Let v be 9 - (-5)/((-20)/16). Suppose 0 = 13*q - v*q. Suppose q = -2*b + 6, 0 = 2*n + n - b - 15. What is the remainder when n is divided by 1?
0
Let t(c) = 16*c - 1142. What is the remainder when 700 is divided by t(73)?
24
Let a be (-39)/52 + (-6)/(-8). Suppose 3*q - 404 = -4*z + 5*q, 0 = q - 2. Calculate the remainder when z is divided by 8/(a + 2)*(-154)/(-88).
4
Let v = -88 - -160. Suppose 16*y - 40*y - 1368 = 0. Let p = y + v. What is the remainder when 26 is divided by p?
11
What is the remainder when (-6)/(2 + 9152/(-4552)) is divided by 44?
41
Let f(k) = -25*k - 145. Let v be f(-6). Suppose v*c - 1482 = -34*c. Calculate the remainder when 109 is divided by c.
33
Suppose 7*s - 100 = -18*s. What is the remainder when 80 is divided by (-5 - s/(-1)) + 104/4?
5
Suppose 143*h = 170*h - 6021. What is the remainder when h is divided by 88?
47
Let q(g) = 36*g**2 - 5 - 36*g - g**3 + 108 - 4. Calculate the remainder when q(35) is divided by 55.
9
Suppose 2*k - 16 = -2*k, -3*i - 3*k = -30. Calculate the remainder when i/2 - -2*166/4 is divided by 45.
41
Let k(p) = 24*p**2 + 187*p + 31. Calculate the remainder when k(8) is divided by 59.
54
Calculate the remainder when 155 is divided by ((6/20)/(6/8))/((-57)/(-1710)).
11
Let v(o) = -18*o**2 - 5 - 5456*o + 5454*o - 2*o**3 - o**3. What is the remainder when 41 is divided by v(-6)?
6
Let n = 4455 - 4440. Calculate the remainder when 17 is divided by n.
2
Let x(i) = 69*i - 805. Calculate the remainder when 182 is divided by x(12).
21
Suppose 3*p + 0 + 3 = 0. Let s = 81 - p. Suppose n + 30 + 12 = 7*l, -4*l = -n - 18. What is the remainder when s is divided by n?
12
Let o = 43 + -25. Let b(a) = -12*a + 426. Calculate the remainder when b(33) is divided by o.
12
Let u(p) = 36*p - 38. Let g be u(5). Suppose 4*s + x - 2*x = 151, -g = -3*s - 5*x. Calculate the remainder when s is divided by 10.
9
Calculate the remainder when 2/3*114597/84 + (-1)/2 is divided by 12.
9
What is the remainder when 1845 is divided by ((-4224)/8)/4*6/(-18)?
41
Suppose -53*w = -55*w + 970. Calculate the remainder when w is divided by 121.
1
What is the remainder when 1022 is divided by (-7)/(28/24)*(-957)/66?
65
Let v(u) = -u**2 + 924*u + 7519. Suppose 4*o = 0, 0*q + 2*o + 8 = 2*q. What is the remainder when v(-8) is divided by q?
3
What is the remainder when (-10 - -12)/(-2 - -4)*413*1 is divided by 219?
194
Let x be 3/(0 - 3/(-41)). Let z = 43 - x. Suppose m + 21 = z*m. What is the remainder when m is divided by 6?
3
Suppose -1854 - 327 = -6*a + 675. Calculate the remainder when a is divided by 160.
156
Let x(h) = 459 + 100*h + 104*h - 212*h. Calculate the remainder when 28 is divided by x(55).
9
Let y = 740 - 732. Let w(z) = 5 - 5*z + 9*z**2 - 2*z**3 - z**3 + 2*z**3. What is the remainder when 111 is divided by w(y)?
24
Let z(v) = -v**2 + 44*v - 4. Let n be z(36). Let g = n + -277. What is the remainder when g is divided by 2?
1
Let m be (-4*(-7)/14)/(2/5). Suppose -6*o = -5*b - o + 45, m*o + 12 = 2*b. Suppose 10*d - b*d = -174. Calculate the remainder when d is divided by 44.
42
Let z(u) = -15*u**2 + 13 - 2*u**3 - 34 + 3*u**3 + 2*u. Let v be z(15). Suppose v*c - 320 = 382. What is the remainder when c is divided by 16?
14
Suppose -4*x + 12*a + 956 = 11*a, -x + 2*a + 246 = 0. Suppose 208*w = 201*w + x. Calculate the remainder when 75 is divided by w.
7
Let w be 9/1 - (-78 + 86). Let t(g) = 32*g**3 + g**2 - 2*g + 1. Calculate the remainder when t(w) is divided by 19.
13
Let a(v) = v**3 - 11*v + 12. Let d be a(3). Suppose -d*i - 295 = -5485. Calculate the remainder when i is divided by 62.
59
Suppose -9*i - 35 = -5*z - 4*i, i + 3 = 0. Suppose z*r = h - 67, -4*h + 6*r + 208 = 10*r. What is 